8
What is -453a (base 11) in base 15?
-1b82
-7a0 (base 13) to base 14
-69b
d1 (base 14) to base 5
1213
1a4 (base 11) to base 13
151
Convert -9ec2 (base 16) to base 8.
-117302
What is -20012020 (base 3) in base 10?
-4515
What is -4439 (base 10) in base 13?
-2036
Convert 546 (base 8) to base 6.
1354
Convert -3002 (base 4) to base 12.
-142
What is -144 (base 14) in base 3?
-100111
Convert 417 (base 9) to base 10.
340
Convert -3035 (base 8) to base 6.
-11125
What is 1227 (base 11) in base 14?
826
What is 33003 (base 4) in base 3?
1022200
What is 25235 (base 6) in base 4?
322313
What is 1011010101101100 (base 2) in base 7?
252256
Convert 22030 (base 4) to base 7.
1621
Convert 1019 (base 13) to base 16.
8ab
What is 4289 (base 11) in base 6?
42115
What is -2031311 (base 4) in base 6?
-110005
What is -1100121221 (base 3) in base 15?
-7da1
Convert -314 (base 6) to base 4.
-1312
What is 13517 (base 10) in base 7?
54260
11011011100110 (base 2) to base 7
55655
133006 (base 7) to base 8
60725
Convert 1734 (base 13) to base 12.
1b93
Convert 104 (base 11) to base 10.
125
What is 620 (base 7) in base 9?
372
What is -1070 (base 8) in base 5?
-4233
Convert 1e7 (base 16) to base 2.
111100111
1011111100 (base 2) to base 6
3312
What is -145551 (base 7) in base 3?
-1102222010
Convert -494 (base 10) to base 6.
-2142
Convert -35a (base 12) to base 14.
-27c
Convert -160352 (base 7) to base 8.
-75245
-6571 (base 8) to base 6
-23545
-627 (base 13) to base 10
-1047
-45b (base 12) to base 3
-212222
What is 1988 (base 10) in base 4?
133010
What is 625 (base 8) in base 7?
1116
Convert 534 (base 8) to base 2.
101011100
10638 (base 13) to base 6
345050
What is -223 (base 11) in base 13?
-177
What is 3246 (base 9) in base 4?
211113
25091 (base 12) to base 15
ed31
What is -111111011101010 (base 2) in base 10?
-32490
What is -20021 (base 4) in base 6?
-2225
What is 10551 (base 10) in base 16?
2937
What is -c97 (base 15) in base 4?
-230122
Convert 10101001011 (base 2) to base 9.
1765
1001001010111 (base 2) to base 4
1021113
What is -24322 (base 7) in base 8?
-14301
What is 285 (base 11) in base 9?
412
What is -10252 (base 10) in base 2?
-10100000001100
11210000 (base 3) to base 16
d9b
What is -cd2 (base 14) in base 12?
-1574
-23302 (base 5) to base 10
-1702
13424 (base 5) to base 6
5054
Convert -111011001 (base 2) to base 4.
-13121
Convert 2010122122 (base 3) to base 6.
522325
What is 4452 (base 9) in base 12?
1a9b
Convert 15350 (base 6) to base 8.
4722
Convert -1141 (base 8) to base 2.
-1001100001
-34b (base 15) to base 3
-1000122
What is -11222 (base 4) in base 3?
-111102
What is -aa (base 16) in base 12?
-122
Convert 201312 (base 4) to base 5.
32131
What is -3120 (base 11) in base 3?
-12200012
Convert -d57 (base 15) to base 7.
-11524
2043 (base 10) to base 12
1223
1290 (base 15) to base 13
1a58
What is 25052 (base 10) in base 3?
1021100212
What is -1ca9 (base 15) in base 4?
-1201122
Convert -11942 (base 13) to base 6.
-405405
40564 (base 8) to base 3
211222121
Convert -436 (base 13) to base 10.
-721
Convert -1b5 (base 14) to base 3.
-111011
What is -242 (base 11) in base 16?
-120
What is 5151 (base 7) in base 9?
2420
Convert -13b (base 16) to base 12.
-223
Convert -6d66 (base 16) to base 7.
-144436
What is -1120 (base 7) in base 6?
-1514
Convert -b09b (base 14) to base 6.
-352213
Convert 252 (base 8) to base 15.
b5
-2431 (base 8) to base 16
-519
-211011 (base 4) to base 8
-4505
What is -20882 (base 10) in base 9?
-31572
Convert -273b (base 14) to base 5.
-210123
Convert 11034 (base 10) to base 14.
4042
What is -5be (base 15) in base 14?
-692
What is -c84a (base 14) in base 12?
-18002
What is 844 (base 14) in base 15?
738
Convert 676 (base 9) to base 14.
2b9
320 (base 8) to base 13
130
Convert 2163 (base 8) to base 10.
1139
12113 (base 5) to base 13
54b
Convert 1524 (base 13) to base 12.
1940
What is -1407b (base 14) in base 16?
-c15d
2057 (base 16) to base 4
2001113
What is -2032 (base 5) in base 16?
-10b
10011110000001 (base 2) to base 5
310423
-285b (base 15) to base 13
-3c14
-1000110001 (base 2) to base 16
-231
Convert c94 (base 15) to base 2.
101100010111
Convert -13304 (base 9) to base 14.
-33c7
What is -20020 (base 3) in base 2?
-10101000
Convert -b58 (base 14) to base 16.
-8ba
What is -dbc (base 14) in base 7?
-10625
What is a51 (base 14) in base 7?
5631
120214 (base 5) to base 3
20002020
Convert -6de (base 15) to base 10.
-1559
Convert -625e (base 15) to base 6.
-240125
What is -4 (base 15) in base 3?
-11
Convert -1131 (base 7) to base 4.
-12132
Convert -330144 (base 5) to base 8.
-26043
Convert -425b (base 13) to base 8.
-21762
What is 122 (base 13) in base 8?
305
What is -4046 (base 9) in base 4?
-232032
-7795 (base 10) to base 16
-1e73
113031 (base 7) to base 4
10330203
10285 (base 9) to base 14
269a
Convert 211323 (base 4) to base 6.
15123
What is -232123 (base 4) in base 10?
-2971
What is 4521 (base 16) in base 14?
6641
Convert -242332 (base 5) to base 11.
-6916
Convert -97 (base 15) to base 13.
-ac
What is -12761 (base 10) in base 15?
-3bab
Convert -243320 (base 5) to base 4.
-2033322
Convert 360 (base 15) to base 11.
636
Convert -594 (base 10) to base 15.
-299
What is 47133 (base 8) in base 14?
744b
Convert -65356 (base 8) to base 16.
-6aee
-b3d (base 14) to base 16
-8a3
Convert 37 (base 10) to base 4.
211
Convert -100134 (base 5) to base 12.
-1a01
What is 11111000010011 (base 2) in base 7?
64221
Convert -10310 (base 5) to base 11.
-591
Convert -3312 (base 5) to base 8.
-711
What is -2868 (base 13) in base 8?
-13310
153511 (base 6) to base 11
1037a
-210222 (base 3) to base 13
-368
Convert 15 (base 14) to base 5.
34
Convert -bdb (base 16) to base 11.
-230a
Convert -31434 (base 5) to base 15.
-964
What is -799 (base 10) in base 14?
-411
121110 (base 3) to base 12
310
Convert 10100000001 (base 2) to base 3.
1202110
What is 4b2 (base 13) in base 8?
1465
What is 32ad (base 14) in base 5?
240102
What is -301506 (base 7) in base 14?
-1483d
-1e2 (base 16) to base 8
-742
What is -100011000111011 (base 2) in base 6?
-215123
Convert 593 (base 10) to base 16.
251
Convert -34146 (base 8) to base 14.
-5394
What is -7a95 (base 11) in base 10?
-10631
1011001111100011 (base 2) to base 8
131743
What is b4 (base 12) in base 5?
1021
30122 (base 4) to base 3
1002102
-19b5 (base 12) to base 10
-3161
32506 (base 7) to base 8
17714
Convert 3bb1 (base 13) to base 7.
34025
Convert -10110111000001 (base 2) to base 11.
-8889
28027 (base 12) to base 5
3232302
-280 (base 9) to base 6
-1030
What is 2819 (base 16) in base 9?
15065
-144232 (base 6) to base 3
-201002102
102210 (base 3) to base 6
1250
12300 (base 4) to base 10
432
-475 (base 15) to base 12
-702
376 (base 11) to base 16
1be
-1000010000100111 (base 2) to base 13
-12525
What is 20022110 (base 3) in base 14?
196a
-100010101100 (base 2) to base 12
-1350
Convert -116776 (base 8) to base 4.
-21313332
-3013 (base 8) to base 5
-22142
What is -37b (base 15) in base 10?
-791
Convert 224 (base 9) to base 8.
270
What is 527 (base 8) in base 11?
292
-5456 (base 11) to base 10
-7200
What is 3539 (base 12) in base 2?
1011100111101
Convert 525 (base 13) to base 3.
1012110
What is 19431 (base 10) in base 3?
222122200
Convert -31111 (base 5) to base 9.
-2706
Convert -416 (base 16) to base 2.
-10000010110
What is 2743 (base 14) in base 15?
20b4
What is -1725 (base 12) in base 9?
-3712
Convert 2755 (base 8) to base 15.
6b2
What is -10271 (base 8) in base 16?
-10b9
-4061 (base 7) to base 12
-99b
-2aa0 (base 11) to base 8
-7616
What is 20c (base 14) in base 13?
251
7b6 (base 14) to base 9
2082
Convert -1480 (base 16) to base 15.
-184d
11165 (base 12) to base 10
22685
Convert -40b9 (base 12) to base 13.
-3297
26a4 (base 13) to base 5
134132
Convert 3011 (base 4) to base 5.
1242
-3010 (base 4) to base 7
-400
1333131 (base 4) to base 9
12163
Convert 11848 (base 9) to base 15.
2572
Convert -11111101100 (base 2) to base 14.
-a4c
What is -351b (base 15) in base 9?
-16418
What is 23311 (base 4) in base 14?
3c1
Convert 4441 (base 5) to base 2.
1001101101
3110 (base 6) to base 9
846
-1111001001101 (base 2) to base 16
-1e4d
What is -558 (base 10) in base 12?
-3a6
What is 102303 (base 5) in base 12?
1bb9
Convert 17a92 (base 11) to base 14.
92cd
What is -2331